prime?
True
Is 32922174359 prime?
True
Is 100599347 a composite number?
True
Is 8885925649 a prime number?
True
Is 42787544231 composite?
False
Is 5381613229 composite?
False
Is 982193567 a prime number?
False
Is 954567787 composite?
True
Is 1630053659 prime?
False
Is 1149729073 a composite number?
False
Is 1038373283 prime?
True
Is 130889041 a prime number?
False
Is 13513891471 composite?
False
Is 103278778 a composite number?
True
Is 486868601 composite?
False
Is 9035849869 prime?
False
Is 226650293 composite?
False
Is 10044972101 a composite number?
True
Is 166270521 a prime number?
False
Is 1648822377 a prime number?
False
Is 5347572053 composite?
False
Is 36900961222 composite?
True
Is 10978140557 prime?
False
Is 3880691063 a composite number?
False
Is 5647607027 a prime number?
False
Is 34340691583 composite?
True
Is 1883529703 a prime number?
False
Is 142760489 a prime number?
False
Is 82211373841 composite?
True
Is 1414117321 a composite number?
False
Is 1669200899 prime?
True
Is 263457331 a composite number?
True
Is 1540466821 a composite number?
False
Is 14894432323 composite?
True
Is 62862079117 prime?
True
Is 5535884477 composite?
True
Is 442929793 a prime number?
False
Is 2283736753 a composite number?
False
Is 7863709481 a prime number?
False
Is 3405278389 a composite number?
True
Is 19894810799 composite?
False
Is 246076583 prime?
True
Is 84063761 a prime number?
False
Is 10284226639 a composite number?
True
Is 57636511367 a prime number?
True
Is 349491893 prime?
True
Is 1222916089 composite?
True
Is 3280754731 a prime number?
True
Is 335514859 prime?
True
Is 799537363 composite?
False
Is 1149821881 a prime number?
False
Is 13761703777 a prime number?
True
Is 6696811141 a prime number?
False
Is 1341563711 a prime number?
False
Is 1856092957 composite?
True
Is 3345748723 prime?
True
Is 34046307571 a prime number?
True
Is 73753561 composite?
True
Is 1382952311 prime?
False
Is 128279969 prime?
False
Is 185450141 prime?
True
Is 3251823947 composite?
True
Is 4476869443 a prime number?
False
Is 5891781089 a composite number?
True
Is 285343111 prime?
True
Is 5490277307 a prime number?
False
Is 7730641127 a prime number?
False
Is 14629940111 a prime number?
False
Is 1646473911 prime?
False
Is 5195223013 prime?
False
Is 297681397 prime?
False
Is 3134524577 a composite number?
False
Is 204273023 composite?
True
Is 310547897 prime?
False
Is 342115537 a prime number?
True
Is 776834143 a composite number?
False
Is 14104672633 composite?
False
Is 185913677251 composite?
True
Is 47598122051 prime?
False
Is 941434189 prime?
False
Is 65727420653 a composite number?
False
Is 305952091 a prime number?
True
Is 16607470541 composite?
False
Is 4440803153 composite?
True
Is 537469651 a composite number?
True
Is 16310558449 composite?
True
Is 40013921 a prime number?
False
Is 6499025417 a composite number?
True
Is 6714946061 a composite number?
False
Is 48918178 composite?
True
Is 120747984913 composite?
False
Is 3784530721 composite?
True
Is 445951721 a composite number?
False
Is 102811897 composite?
True
Is 5863730035 composite?
True
Is 683439461 composite?
False
Is 7427367659 composite?
False
Is 389561671 prime?
True
Is 3105264581 prime?
False
Is 20421318053 prime?
True
Is 3906240581 a composite number?
True
Is 2978227303 a composite number?
False
Is 1410359329 a prime number?
False
Is 15018074861 prime?
False
Is 28703536331 composite?
False
Is 1376087501 prime?
True
Is 212968062101 prime?
True
Is 1432031621 a composite number?
True
Is 284960872415 composite?
True
Is 4760347211 composite?
True
Is 2933219207 prime?
True
Is 17616119251 prime?
False
Is 45317451283 prime?
False
Is 14315071657 prime?
True
Is 3442598789 a prime number?
False
Is 40326421 composite?
True
Is 22615336361 a prime number?
False
Is 26979871 prime?
False
Is 47593081201 composite?
False
Is 716438273 composite?
True
Is 692796481 composite?
True
Is 809852461 a prime number?
False
Is 3359847473 composite?
False
Is 16127488603 a composite number?
False
Is 591110701 a prime number?
True
Is 398366907 prime?
False
Is 18601553513 a composite number?
False
Is 179076649 prime?
True
Is 2158461947 a prime number?
True
Is 18545831 composite?
False
Is 3642338473 prime?
True
Is 5677388903 composite?
False
Is 4087045873 a prime number?
True
Is 11505401693 a composite number?
False
Is 1793841131 prime?
False
Is 6769844429 composite?
False
Is 83742659711 a prime number?
True
Is 6109052269 a composite number?
True
Is 1630595597 a prime number?
True
Is 5830553615 a composite number?
True
Is 7298928314 prime?
False
Is 72137994407 a composite number?
True
Is 255272329 a prime number?
False
Is 64095378287 a composite number?
False
Is 1981998683 a prime number?
False
Is 867543982 composite?
True
Is 246217817 composite?
True
Is 4905474955 prime?
False
Is 8397626057 composite?
False
Is 343310527 prime?
False
Is 59730648823 a prime number?
True
Is 28490790007 a prime number?
False
Is 21959899501 a composite number?
True
Is 1340558621 a composite number?
True
Is 3427684495 prime?
False
Is 1385526641 prime?
False
Is 1108244069 composite?
False
Is 7646682643 a prime number?
False
Is 239855207 prime?
False
Is 10991341563 a prime number?
False
Is 672069283 composite?
True
Is 130168682869 a composite number?
False
Is 4485450089 a composite number?
False
Is 309900179 a prime number?
True
Is 2188950109 a prime number?
False
Is 613949009 prime?
True
Is 15389697317 composite?
True
Is 6286598957 a prime number?
False
Is 2297306873 a composite number?
False
Is 240219021779 composite?
True
Is 4544841851 composite?
True
Is 30952618793 a prime number?
True
Is 37063643189 prime?
False
Is 3156503335 a composite number?
True
Is 3630159097 a prime number?
True
Is 16058484683 a composite number?
False
Is 1746407027 composite?
True
Is 174121967 composite?
False
Is 36739421167 a prime number?
True
Is 8596415887 a prime number?
True
Is 9287385241 a composite number?
True
Is 10547548529 a prime number?
False
Is 1283452403 a composite number?
False
Is 14252584279 a composite number?
True
Is 31124108293 a composite number?
False
Is 1436927617 prime?
False
Is 680020289 composite?
True
Is 588071339 prime?
False
Is 18975018931 a prime number?
False
Is 48302503969 composite?
True
Is 24387346337 a prime number?
False
Is 178219559 a prime number?
False
Is 2034525041 prime?
False
Is 212857647 composite?
True
Is 8485356101 composite?
False
Is 1167357689 a prime number?
True
Is 1088215881 composite?
True
Is 2784334799 a prime number?
True
Is 9787793471 prime?
True
Is 5316608971 composite?
False
Is 1395734447 prime?
True
Is 1036340243 prime?
False
Is 2687667187 composite?
False
Is 13933092857 prime?
False
Is 6234321682 prime?
False
Is 275823907 a composite number?
False
Is 1225219481 composite?
True
Is 35387120849 prime?
False
Is 12006235421 a prime number?
True
Is 13530933986 composite?
True
Is 282065998637 composite?
False
Is 15367408489 composite?
False
Is 1015477313 composite?
True
Is 23630894135 prime?
False
Is 64692227599 composite?
False
Is 721088587 prime?
True
Is 23802437405 a composite number?
True
Is 200450896889 prime?
True
Is 508759871569 composite?
True
Is 33256499567 a composite number?
True
Is 22660739 composite?
False
Is 27506473 a prime number?
False
Is 110918475793 composite?
False
Is 543066973 composite?
True
Is 99547016099 composite?
True
Is 5437722781 a composite number?
True
Is 4706920159 composite?
True
Is 116430577963 composite?
True
Is 577249979 prime?
True
Is 230341571 composite?
True
Is 3079236179 composite?
False
Is 11098454999 prime?
False
Is 7423369043 composite?
False
Is 63407374993 a composite number?
True
Is 865490749 prime?
True
Is 321049999 composite?
True
Is 36077538481 a composite number?
False
Is 44820282667 prime?
False
Is 49585714621 a composite number?
False
Is 14588633613 a prime number?
False
Is 558898913 a composite number?
False
Is 65983197719 a prime number?
False
Is 1596415847 a prime number?
False
Is 3273795319 prime?
False
Is 32204554597 prime?
True
Is 10265826107 a prime number?
False
Is 1733227553 a composite number?
False
Is 44272816489 a prime number?
False
Is 196193687 composite?
False
Is 1546140131 a composite number?
False
Is 17552391271 prime?
False
Is 5020182443 composite?
False
